{"id":9,"date":"2025-08-04T13:07:09","date_gmt":"2025-08-04T11:07:09","guid":{"rendered":"https:\/\/tydzienmozgu.pan.pl\/?page_id=9"},"modified":"2026-03-20T13:57:06","modified_gmt":"2026-03-20T12:57:06","slug":"mesmerize","status":"publish","type":"page","link":"https:\/\/tydzienmozgu.pan.pl\/","title":{"rendered":"Strona G\u0142\u00f3wna"},"content":{"rendered":"<div  data-label=\"About\" data-id=\"about--1\" data-export-id=\"about-1\" data-category=\"about\" class=\"about-1 content-section\" id=\"about-1\" style=\"background-color: rgb(255, 255, 255); background-image: none;\"><div  class=\"gridContainer\"> <div  class=\"row text-center\"><div  class=\"section-title-col\" data-type=\"column\">  <h2  class=\"\">17. \u015awiatowy Tydzie\u0144 M\u00f3zgu w Poznaniu<\/h2> <h5  class=\"\"><span  style=\"font-weight: normal;\">16-20 marca 2026<\/span><\/h5><p  class=\"lead\">Zapraszamy Was do krainy m\u00f3zgu. Czy m\u00f3zg ma tajemnice? Ale\u017c oczywi\u015bcie! Niekt\u00f3re z nich spr\u00f3bujemy z Wami odkry\u0107 i zrozumie\u0107. Co dzieje si\u0119 w m\u00f3zgu cz\u0142owieka, gdy patrzymy na ptaki i jak ptaki widz\u0105 ludzi? Co je\u015b\u0107, aby \u017cy\u0107 zdrowo i szcz\u0119\u015bliwie? Jaki jest wp\u0142yw grup spo\u0142ecznych na decyzje i wybory jednostek? Czy metody leczenia na\u0142og\u00f3w i natr\u0119ctw s\u0105 skuteczne? Co pozostanie unikaln\u0105 ludzk\u0105 cech\u0105, gdy komputerowe programy przekrocz\u0105 nasze mo\u017cliwo\u015bci? Jak leczy\u0107 skutki udar\u00f3w za pomoc\u0105 neurorehabilitacji, daj\u0105c chorym nadziej\u0119 na wyzdrowienie?<br ><br ><b >Zapraszamy! Odkrywaj z nami tajemnice m\u00f3zgu!<\/b><\/p><a  class=\"button blue\" href=\"https:\/\/youtube.com\/live\/p-9xOFVL9_4?feature=share\" target=\"_self\" data-cp-link=\"1\">Transmisja wydarzenia<\/a><\/div> <\/div> <div  class=\"row\"> <div  class=\"button-holder space-bottom space-bottom-small\" data-type=\"column\"> <\/div> <div  class=\"col-xs bottom-xs flexbox image-group-bottom-3-img space-bottom-xs center-xs\"> <img  decoding=\"async\" class=\"left-img shadow-large-black\" data-size=\"500x300\" src=\"https:\/\/tydzienmozgu.pan.pl\/wp-content\/uploads\/2025\/08\/20240315_160445-scaled.jpg\" title=\"20240315_160445\" alt=\"\"> <img  decoding=\"async\" class=\"center-img shadow-large-black\" data-size=\"500x300\" src=\"https:\/\/tydzienmozgu.pan.pl\/wp-content\/uploads\/2025\/08\/DSC03420-scaled.jpg\" title=\"DSC03420\" alt=\"\"> <img  decoding=\"async\" class=\"right-img shadow-large-black\" data-size=\"500x300\" src=\"https:\/\/tydzienmozgu.pan.pl\/wp-content\/uploads\/2025\/08\/cropped-DSC01380-scaled-1.jpg\" title=\"DSC01380\" alt=\"\"><\/div> <\/div><\/div> <\/div><div  id=\"program\" style=\"background-color: rgb(245, 250, 253); background-image: none;\" data-label=\"Program\" data-id=\"testimonials-5\" data-export-id=\"testimonials-5\" data-category=\"testimonials\" class=\"testimonials-5 content-section content-section-spacing\"><div  class=\"\"> <div  class=\"row\"><div  data-type=\"column\" class=\"section-title-col\"> <h2  class=\"\">Program 17. Tygodnia M\u00f3zgu w Poznaniu<\/h2> <\/div> <\/div> <div  class=\"row spaced-cols center-sm content-left-sm\" data-type=\"row\"> <div  class=\"col-xs-12 col-sm-6 col-md-2 \"> <div  class=\"card y-move bordered\" data-type=\"column\">   <h3  class=\"\">16.03. Poniedzia\u0142ek \u2013 Inauguracja<\/h3><p  class=\"\"><b >Otwarcie i prowadzenie:<\/b> prof. Jerzy Kaczorowski, cz\u0142. rzecz. PAN, Prezes Oddzia\u0142u<\/p><h4  class=\"\">16.00 \u2013 Czego mo\u017cemy si\u0119 nauczy\u0107 o m\u00f3zgu z modeli AI<\/h4><p  class=\"\">Prof. dr hab. W\u0142odzis\u0142aw Duch\n<br ><br >Uniwersytet Miko\u0142aja Kopernika w Toruniu<\/p><a  class=\"button blue\" href=\"https:\/\/tydzienmozgu.pan.pl\/wp-content\/uploads\/2026\/02\/Duch_S.pdf\" target=\"_blank\" data-cp-link=\"1\">Streszczenie <\/a>  <h4  class=\"\">17.00 \u2013 Nasz m\u00f3zg, nasze decyzje \u2013 perspektywa neuroekonomii<\/h4><p  class=\"\">Dr hab. Alicja Pu\u015bcian<br ><br >Uniwersytet Warszawski<\/p><a  class=\"button blue\" href=\"https:\/\/tydzienmozgu.pan.pl\/wp-content\/uploads\/2026\/02\/Puscian_S.pdf\" target=\"_blank\" data-cp-link=\"1\">Streszczenie <\/a><h4  class=\"\">18.15 \u2013 Koncert w wykonaniu student\u00f3w Akademii Muzycznej im. Ignacego Jana Paderewskiego w Poznaniu<\/h4><a  class=\"button blue\" href=\"https:\/\/tydzienmozgu.pan.pl\/wp-content\/uploads\/2026\/03\/Akademia-Muzyczna-Koncert.pdf\" target=\"_blank\" data-cp-link=\"1\">Program<\/a><\/div> <\/div>  <div  class=\"col-xs-12 col-sm-6 col-md-2\"> <div  class=\"card y-move bordered\" data-type=\"column\">   <h3  class=\"\">17.03. Wtorek<\/h3><p  class=\"\"><b >Prowadzenie:<\/b> dr hab. Luiza Handschuh, prof. ICHB PAN, dyrektor Instytutu Chemii Bioorganicznej PAN w Poznaniu<\/p><h4  class=\"\">16.00 \u2013 Neurotechnologia i jej zastosowanie w neurorehabilitacji&nbsp;<\/h4><p  class=\"\">Prof. dr hab. n. med. S\u0142awomir Michalak<br >\n<br >Uniwerystet Medyczny im. K. Marcinkowskiego w Poznaniu<\/p><a  class=\"button blue\" href=\"https:\/\/tydzienmozgu.pan.pl\/wp-content\/uploads\/2026\/02\/Michalak_S.pdf\" target=\"_blank\" data-cp-link=\"1\">Streszczenie <\/a>  <h4  class=\"\">17.00 \u2013 Dlaczego m\u00f3zg choruje nier\u00f3wno? O selektywnej wra\u017cliwo\u015bci neuron\u00f3w<\/h4><p  class=\"\">Dr Pawe\u0142 \u015awito\u0144ski<br ><br >Instytut Chemii Bioorganicznej PAN w Poznaniu<\/p><a  class=\"button blue\" href=\"https:\/\/tydzienmozgu.pan.pl\/wp-content\/uploads\/2026\/02\/Switonski_S.pdf\" target=\"_blank\" data-cp-link=\"1\">Streszczenie <\/a><\/div> <\/div><div  class=\"col-xs-12 col-sm-6 col-md-2\"> <div  class=\"card y-move bordered\" data-type=\"column\">   <h3  class=\"\">18.03 \u015aroda<\/h3><p  class=\"\"><b >Prowadzenie:<\/b> prof. Janusz Rybakowski, cz\u0142. rzecz. PAN<\/p><h4  class=\"\">16.00 \u2013 Neuropsychologiczne aspekty dzia\u0142ania lek\u00f3w psychotropowych<\/h4><p  class=\"\">Dr hab. n. med. S\u0142awomir Murawiec<br >\n<br >Warszawa<\/p><a  class=\"button blue\" href=\"https:\/\/tydzienmozgu.pan.pl\/wp-content\/uploads\/2026\/02\/Murawiec_S.pdf\" target=\"_blank\" data-cp-link=\"1\">Streszczenie <\/a>  <h4  class=\"\">17.00 \u2013 Od V1 do dopaminy: jak m\u00f3zg rozpoznaje ptaki i nagradza ciekawo\u015b\u0107<\/h4><p  class=\"\">Prof. dr hab. Piotr Tryjanowski, cz\u0142. koresp. PAN<br ><br >Uniwersytet Przyrodniczy w Poznaniu<\/p><a  class=\"button blue\" href=\"https:\/\/tydzienmozgu.pan.pl\/wp-content\/uploads\/2026\/02\/Tryjanowski_S.pdf\" target=\"_blank\" data-cp-link=\"1\">Streszczenie <\/a><\/div> <\/div><div  class=\"col-xs-12 col-sm-6 col-md-2\"> <div  class=\"card y-move bordered\" data-type=\"column\">   <h3  class=\"\">19.03. Czwartek&nbsp;<\/h3><p  class=\"\"><b >Prowadzenie:<\/b> prof. Maciej Giefing, dyrektor Instytutu Genetyki Cz\u0142owieka PAN w Poznaniu<\/p><h4  class=\"\">16.00 \u2013 Gwiazdy w naszej g\u0142owie<\/h4><p  class=\"\">Dr hab. Aleksandra P\u0119kowska, prof. IBD PAN\n<br ><br >Instytut Biologii Do\u015bwiadczalnej im. M. Nenckiego PAN<\/p><a  class=\"button blue\" href=\"#\" target=\"_blank\" data-cp-link=\"1\">Streszczenie <\/a>  <h4  class=\"\">17.00 \u2013 Od talerza do m\u00f3zgu: behawioralne i neurobiologiczne mechanizmy wp\u0142ywu diety oraz stylu \u017cycia na choroby zapalne jelit<\/h4><p  class=\"\">Dr hab. Marzena Skrzypczak-Zieli\u0144ska, prof. IGC PAN<br ><br >Instytut Genetyki Cz\u0142owieka PAN<\/p><a  class=\"button blue\" href=\"https:\/\/tydzienmozgu.pan.pl\/wp-content\/uploads\/2026\/02\/Skrzypczak-Zielinska_S.pdf\" target=\"_blank\" data-cp-link=\"1\">Streszczenie <\/a><\/div> <\/div><div  class=\"col-xs-12 col-sm-6 col-md-2\"> <div  class=\"card y-move bordered\" data-type=\"column\">   <h3  class=\"\">20.03. Pi\u0105tek<\/h3><p  class=\"\"><b >Prowadzenie:<\/b> prof. Janusz Rybakowski, cz\u0142. rzecz. PAN<\/p><h4  class=\"\">16.00 \u2013 Mechanizmy m\u00f3zgowe tzw. na\u0142og\u00f3w behawioralnych<\/h4><p  class=\"\">Dr n. med. Bogus\u0142aw Habrat<br >Instytut Psychiatrii i Neurologii w Warszawie<\/p><a  class=\"button blue\" href=\"https:\/\/tydzienmozgu.pan.pl\/wp-content\/uploads\/2026\/02\/Habrat_S.pdf\" target=\"_blank\" data-cp-link=\"1\">Streszczenie <\/a>  <h4  class=\"\">17.00 \u2013 Dzi\u015b i jutro profilaktyki oraz terapii udaru niedokrwiennego m\u00f3zgu<\/h4><p  class=\"\">Dr hab. Anna Malik, prof. UW<br >Uniwersytet Warszawski<\/p><a  class=\"button blue\" href=\"https:\/\/tydzienmozgu.pan.pl\/wp-content\/uploads\/2026\/02\/Malik_S.pdf\" target=\"_blank\" data-cp-link=\"1\">Streszczenie <\/a><\/div> <\/div><\/div> <\/div><\/div><div  data-label=\"Wykadowcy\" data-id=\"team--1\" data-export-id=\"team-5\" data-category=\"team\" class=\"team-5 content-section content-section-spacing\" id=\"wykadowcy\" style=\"background-color: rgb(255, 255, 255); background-image: none;\"><div  class=\"gridContainer\"> <div  class=\"row text-center\"><div  class=\"section-title-col\" data-type=\"column\"> <h2  class=\"\">Wyk\u0142adowcy<\/h2> <\/div> <\/div> <div  class=\"row spaced-cols content-center-sm\" data-type=\"row\"> <div  class=\"col-xs-12 col-sm-6 col-padding col-md-2 \"> <div  class=\"row \"> <div  data-type=\"column\" class=\"col-xs-12 col-sm-12\"> <a  data-cp-link=\"1\" href=\"https:\/\/tydzienmozgu.pan.pl\/wp-content\/uploads\/2026\/02\/Duch_B.pdf\" class=\"\" target=\"_blank\"><img  decoding=\"async\" class=\"round face\" src=\"https:\/\/tydzienmozgu.pan.pl\/wp-content\/uploads\/2026\/02\/duch_min.jpg\" title=\"Malgorzata Kossut, biolog.\u00a9 Leszek Zych\" alt=\"\"><\/a>    <div  class=\"social-icons-group\" data-type=\"group\"> <a  href=\"#\" target=\"_self\" data-reiki-hidden=\"true\"><i  class=\"gray fa icon fa-facebook-square\"><\/i><\/a> <a  href=\"#\" target=\"_self\" data-reiki-hidden=\"true\"><i  class=\"gray fa icon fa-twitter-square\"><\/i><\/a> <a  href=\"#\" target=\"_self\" data-reiki-hidden=\"true\"><i  class=\"gray fa icon fa-linkedin-square\"><\/i><\/a> <a  href=\"#\" target=\"_self\" data-reiki-hidden=\"true\"><i  class=\"gray fa icon fa-google-plus-square\"><\/i><\/a><\/div> <h4  class=\"\"><span  style=\"font-weight: normal;\">Prof. dr hab. W\u0142odzis\u0142aw Duch<\/span><\/h4><\/div><\/div> <\/div> <div  class=\"col-xs-12 col-sm-6 col-padding col-md-2 \"> <div  class=\"row \"> <div  data-type=\"column\" class=\"col-xs-12 col-sm-12\"> <a  data-cp-link=\"1\" href=\"https:\/\/tydzienmozgu.pan.pl\/wp-content\/uploads\/2026\/02\/PuscianA_B.pdf\" class=\"\" target=\"_blank\"><img  decoding=\"async\" class=\"round face\" src=\"https:\/\/tydzienmozgu.pan.pl\/wp-content\/uploads\/2026\/02\/A.-Puscian_min.jpg\" title=\"Hanna Karaku\u0142a-Juchnowicz Pozna\u0144_1\" alt=\"\"><\/a> <h4  class=\"font-500\">Dr hab. Alicja Pu\u015bcian<\/h4>   <div  class=\"social-icons-group\" data-type=\"group\"> <a  href=\"#\" target=\"_self\" data-reiki-hidden=\"true\"><i  class=\"gray fa icon fa-facebook-square\"><\/i><\/a> <a  href=\"#\" target=\"_self\" data-reiki-hidden=\"true\"><i  class=\"gray fa icon fa-twitter-square\"><\/i><\/a> <a  href=\"#\" target=\"_self\" data-reiki-hidden=\"true\"><i  class=\"gray fa icon fa-linkedin-square\"><\/i><\/a> <a  href=\"#\" target=\"_self\" data-reiki-hidden=\"true\"><i  class=\"gray fa icon fa-google-plus-square\"><\/i><\/a><\/div> <\/div><\/div> <\/div> <div  class=\"col-xs-12 col-sm-6 col-padding col-md-2 \"> <div  class=\"row \"> <div  data-type=\"column\" class=\"col-xs-12 col-sm-12\"> <a  data-cp-link=\"1\" href=\"https:\/\/tydzienmozgu.pan.pl\/wp-content\/uploads\/2026\/02\/Michalak_B.pdf\" class=\"\" target=\"_blank\"><img  decoding=\"async\" class=\"round face\" src=\"https:\/\/tydzienmozgu.pan.pl\/wp-content\/uploads\/2025\/08\/SM_1.jpeg\" title=\"Kasia_DSC00321\" alt=\"\"><\/a> <h4  class=\"font-500\">Prof. dr hab. n. med. S\u0142awomir Michalak<\/h4>   <div  class=\"social-icons-group\" data-type=\"group\"> <a  href=\"#\" target=\"_self\" data-reiki-hidden=\"true\"><i  class=\"gray fa icon fa-facebook-square\"><\/i><\/a> <a  href=\"#\" target=\"_self\" data-reiki-hidden=\"true\"><i  class=\"gray fa icon fa-twitter-square\"><\/i><\/a> <a  href=\"#\" target=\"_self\" data-reiki-hidden=\"true\"><i  class=\"gray fa icon fa-linkedin-square\"><\/i><\/a> <a  href=\"#\" target=\"_self\" data-reiki-hidden=\"true\"><i  class=\"gray fa icon fa-google-plus-square\"><\/i><\/a><\/div> <\/div><\/div> <\/div> <div  class=\"col-xs-12 col-sm-6 col-padding col-md-2 \"> <div  class=\"row \"> <div  data-type=\"column\" class=\"col-xs-12 col-sm-12\"> <a  data-cp-link=\"1\" href=\"https:\/\/tydzienmozgu.pan.pl\/wp-content\/uploads\/2026\/02\/Switonski_B.pdf\" class=\"\" target=\"_blank\"><img  decoding=\"async\" class=\"round face\" src=\"https:\/\/tydzienmozgu.pan.pl\/wp-content\/uploads\/2026\/02\/cropped-Switonski_min-scaled-1.jpg\" title=\"Foto_2\" alt=\"\"><\/a> <h4  class=\"font-500\">Dr Pawe\u0142 \u015awito\u0144ski<\/h4>   <div  class=\"social-icons-group\" data-type=\"group\"> <a  href=\"#\" target=\"_self\" data-reiki-hidden=\"true\"><i  class=\"gray fa icon fa-facebook-square\"><\/i><\/a> <a  href=\"#\" target=\"_self\" data-reiki-hidden=\"true\"><i  class=\"gray fa icon fa-twitter-square\"><\/i><\/a> <a  href=\"#\" target=\"_self\" data-reiki-hidden=\"true\"><i  class=\"gray fa icon fa-linkedin-square\"><\/i><\/a> <a  href=\"#\" target=\"_self\" data-reiki-hidden=\"true\"><i  class=\"gray fa icon fa-google-plus-square\"><\/i><\/a><\/div> <\/div><\/div> <\/div> <div  class=\"col-xs-12 col-sm-6 col-padding col-md-2 \"> <div  class=\"row \"> <div  data-type=\"column\" class=\"col-xs-12 col-sm-12\"> <a  data-cp-link=\"1\" href=\"#\" class=\"\" target=\"_self\"><img  decoding=\"async\" class=\"round face\" src=\"https:\/\/tydzienmozgu.pan.pl\/wp-content\/uploads\/2026\/02\/avatar-men.png\" title=\"zdjecie KKZ\" alt=\"\"><\/a> <h4  class=\"font-500\">Dr hab. n. med. S\u0142awomir Murawiec<\/h4>   <div  class=\"social-icons-group\" data-type=\"group\"> <a  href=\"#\" target=\"_self\" data-reiki-hidden=\"true\"><i  class=\"gray fa icon fa-facebook-square\"><\/i><\/a> <a  href=\"#\" target=\"_self\" data-reiki-hidden=\"true\"><i  class=\"gray fa icon fa-twitter-square\"><\/i><\/a> <a  href=\"#\" target=\"_self\" data-reiki-hidden=\"true\"><i  class=\"gray fa icon fa-linkedin-square\"><\/i><\/a> <a  href=\"#\" target=\"_self\" data-reiki-hidden=\"true\"><i  class=\"gray fa icon fa-google-plus-square\"><\/i><\/a><\/div> <\/div><\/div> <\/div>  <div  class=\"col-xs-12 col-sm-6 col-padding col-md-2 \"> <div  class=\"row \"> <div  data-type=\"column\" class=\"col-xs-12 col-sm-12\"> <a  data-cp-link=\"1\" href=\"https:\/\/tydzienmozgu.pan.pl\/wp-content\/uploads\/2026\/02\/Tryjanowski_B.pdf\" class=\"\" target=\"_blank\"><img  decoding=\"async\" class=\"round face\" src=\"https:\/\/tydzienmozgu.pan.pl\/wp-content\/uploads\/2026\/02\/Tryjanowski_min-scaled.jpg\" title=\"SM_1\" alt=\"\"><\/a> <h4  class=\"font-500\">Prof. dr hab. Piotr Tryjanowski<\/h4>   <div  class=\"social-icons-group\" data-type=\"group\"> <a  href=\"#\" target=\"_self\" data-reiki-hidden=\"true\"><i  class=\"gray fa icon fa-facebook-square\"><\/i><\/a> <a  href=\"#\" target=\"_self\" data-reiki-hidden=\"true\"><i  class=\"gray fa icon fa-twitter-square\"><\/i><\/a> <a  href=\"#\" target=\"_self\" data-reiki-hidden=\"true\"><i  class=\"gray fa icon fa-linkedin-square\"><\/i><\/a> <a  href=\"#\" target=\"_self\" data-reiki-hidden=\"true\"><i  class=\"gray fa icon fa-google-plus-square\"><\/i><\/a><\/div> <\/div><\/div> <\/div> <div  class=\"col-xs-12 col-sm-6 col-padding col-md-2\"> <div  class=\"row \"> <div  data-type=\"column\" class=\"col-xs-12 col-sm-12\">     <div  class=\"social-icons-group\" data-type=\"group\"> <a  href=\"#\" target=\"_self\" data-reiki-hidden=\"true\"><i  class=\"gray fa icon fa-facebook-square\"><\/i><\/a> <a  href=\"#\" target=\"_self\" data-reiki-hidden=\"true\"><i  class=\"gray fa icon fa-twitter-square\"><\/i><\/a> <a  href=\"#\" target=\"_self\" data-reiki-hidden=\"true\"><i  class=\"gray fa icon fa-linkedin-square\"><\/i><\/a> <a  href=\"#\" target=\"_self\" data-reiki-hidden=\"true\"><i  class=\"gray fa icon fa-google-plus-square\"><\/i><\/a><\/div> <\/div><\/div> <\/div><div  class=\"col-xs-12 col-sm-6 col-padding col-md-2 \"> <div  class=\"row \"> <div  data-type=\"column\" class=\"col-xs-12 col-sm-12\"> <a  data-cp-link=\"1\" href=\"https:\/\/tydzienmozgu.pan.pl\/wp-content\/uploads\/2026\/02\/Pekowska_B.pdf\" class=\"\" target=\"_self\"><img  decoding=\"async\" class=\"round face\" src=\"https:\/\/tydzienmozgu.pan.pl\/wp-content\/uploads\/2026\/02\/cropped-APEKOWSKA_min.jpg\" title=\"prof. dr hab. n. med. Agata Szulc WUM\" alt=\"\"><\/a> <h4  class=\"font-500\">Dr hab. Aleksandra P\u0119kowska, Prof. IBD PAN<\/h4>   <div  class=\"social-icons-group\" data-type=\"group\"> <a  href=\"#\" target=\"_self\" data-reiki-hidden=\"true\"><i  class=\"gray fa icon fa-facebook-square\"><\/i><\/a> <a  href=\"#\" target=\"_self\" data-reiki-hidden=\"true\"><i  class=\"gray fa icon fa-twitter-square\"><\/i><\/a> <a  href=\"#\" target=\"_self\" data-reiki-hidden=\"true\"><i  class=\"gray fa icon fa-linkedin-square\"><\/i><\/a> <a  href=\"#\" target=\"_self\" data-reiki-hidden=\"true\"><i  class=\"gray fa icon fa-google-plus-square\"><\/i><\/a><\/div> <\/div><\/div> <\/div><div  class=\"col-xs-12 col-sm-6 col-padding col-md-2 \"> <div  class=\"row \"> <div  data-type=\"column\" class=\"col-xs-12 col-sm-12\"> <a  data-cp-link=\"1\" href=\"https:\/\/tydzienmozgu.pan.pl\/wp-content\/uploads\/2026\/02\/Skrzypczak-Zielinska_B.pdf\" class=\"\" target=\"_blank\"><img  decoding=\"async\" class=\"round face\" src=\"https:\/\/tydzienmozgu.pan.pl\/wp-content\/uploads\/2026\/02\/Foto-Marzena-Skryzpczak-Zielinska_min.jpg\" title=\"janas-kozik\" alt=\"\"><\/a> <h4  class=\"font-500\">Dr hab. Marzena Skrzypczak-Zieli\u0144ska, prof. IGC PAN<\/h4>   <div  class=\"social-icons-group\" data-type=\"group\"> <a  href=\"#\" target=\"_self\" data-reiki-hidden=\"true\"><i  class=\"gray fa icon fa-facebook-square\"><\/i><\/a> <a  href=\"#\" target=\"_self\" data-reiki-hidden=\"true\"><i  class=\"gray fa icon fa-twitter-square\"><\/i><\/a> <a  href=\"#\" target=\"_self\" data-reiki-hidden=\"true\"><i  class=\"gray fa icon fa-linkedin-square\"><\/i><\/a> <a  href=\"#\" target=\"_self\" data-reiki-hidden=\"true\"><i  class=\"gray fa icon fa-google-plus-square\"><\/i><\/a><\/div> <\/div><\/div> <\/div><div  class=\"col-xs-12 col-sm-6 col-padding col-md-2 \"> <div  class=\"row \"> <div  data-type=\"column\" class=\"col-xs-12 col-sm-12\"> <a  data-cp-link=\"1\" href=\"https:\/\/tydzienmozgu.pan.pl\/wp-content\/uploads\/2026\/02\/Habrat_B.pdf\" class=\"\" target=\"_blank\"><img  decoding=\"async\" class=\"round face\" src=\"https:\/\/tydzienmozgu.pan.pl\/wp-content\/uploads\/2026\/02\/Habrat_min.jpg\" title=\"Szczepankiewicz-zdj\u0119cie_1\" alt=\"\"><\/a> <h4  class=\"font-500\">Dr n. med. Bogus\u0142aw Habrat<\/h4>   <div  class=\"social-icons-group\" data-type=\"group\"> <a  href=\"#\" target=\"_self\" data-reiki-hidden=\"true\"><i  class=\"gray fa icon fa-facebook-square\"><\/i><\/a> <a  href=\"#\" target=\"_self\" data-reiki-hidden=\"true\"><i  class=\"gray fa icon fa-twitter-square\"><\/i><\/a> <a  href=\"#\" target=\"_self\" data-reiki-hidden=\"true\"><i  class=\"gray fa icon fa-linkedin-square\"><\/i><\/a> <a  href=\"#\" target=\"_self\" data-reiki-hidden=\"true\"><i  class=\"gray fa icon fa-google-plus-square\"><\/i><\/a><\/div> <\/div><\/div> <\/div><div  class=\"col-xs-12 col-sm-6 col-padding col-md-2 \"> <div  class=\"row \"> <div  data-type=\"column\" class=\"col-xs-12 col-sm-12\"> <a  data-cp-link=\"1\" href=\"https:\/\/tydzienmozgu.pan.pl\/wp-content\/uploads\/2026\/02\/Malik_B.pdf\" class=\"\" target=\"_blank\"><img  decoding=\"async\" class=\"round face\" src=\"https:\/\/tydzienmozgu.pan.pl\/wp-content\/uploads\/2026\/02\/Malik_min.jpg\" title=\"Profesor Janusz Rybakowski\" alt=\"\"><\/a> <h4  class=\"font-500\">Dr hab. Anna Malik, prof. UW<\/h4>   <div  class=\"social-icons-group\" data-type=\"group\"> <a  href=\"#\" target=\"_self\" data-reiki-hidden=\"true\"><i  class=\"gray fa icon fa-facebook-square\"><\/i><\/a> <a  href=\"#\" target=\"_self\" data-reiki-hidden=\"true\"><i  class=\"gray fa icon fa-twitter-square\"><\/i><\/a> <a  href=\"#\" target=\"_self\" data-reiki-hidden=\"true\"><i  class=\"gray fa icon fa-linkedin-square\"><\/i><\/a> <a  href=\"#\" target=\"_self\" data-reiki-hidden=\"true\"><i  class=\"gray fa icon fa-google-plus-square\"><\/i><\/a><\/div> <\/div><\/div> <\/div><\/div> <\/div><\/div><div  data-label=\"Partnerzy i Patronat\" data-id=\"clients--1\" data-export-id=\"clients-4\" data-category=\"clients\" class=\"clients-4 content-section content-section-spacing-small\" id=\"partnerzy-i-patronat\" style=\"background-color: rgb(255, 255, 255); background-image: none;\"><div  class=\"\"> <div  class=\"row\"><div  data-type=\"column\" class=\"section-title-col\">  <\/div> <\/div> <div  data-type=\"row\" class=\"row spaced-cols middle-xs center-xs space-bottom padding-lr\"> <div  class=\"col-xs-6 col-sm-2 col-md-2\"> <h2  class=\"\">Partnerzy:<\/h2><\/div> <div  class=\"col-xs-6 col-sm-2 col-md-2\"> <a  data-cp-link=\"1\" href=\"#\" class=\"\" target=\"_self\"><img  decoding=\"async\" src=\"https:\/\/tydzienmozgu.pan.pl\/wp-content\/uploads\/2026\/02\/PCSS_icon_nowe.png\" class=\"\" title=\"PCSS_logo_niebieskie_tekst_RGB_3\" alt=\"\"><\/a><\/div> <div  class=\"col-xs-6 col-sm-2 col-md-2\"> <img  decoding=\"async\" src=\"https:\/\/tydzienmozgu.pan.pl\/wp-content\/uploads\/2025\/08\/cropped-amuz1.png\" class=\"\" title=\"cropped-amuz1.png\" alt=\"\"><\/div>    <div  class=\"col-xs-6 col-sm-2 col-md-2\"><img  decoding=\"async\" class=\"custom-image\" src=\"https:\/\/tydzienmozgu.pan.pl\/wp-content\/uploads\/2025\/08\/cropped-BibliotekaKornicka_logo_pion_czarne_1234567.jpg\" title=\"cropped-BibliotekaKornicka_logo_pion_czarne_1234567.jpg\" alt=\"\"> <\/div><div  class=\"col-xs-6 col-sm-2 col-md-2\"> <h2  class=\"\"><\/h2><\/div><div  class=\"col-xs-6 col-sm-2 col-md-2\"> <\/div><div  class=\"col-xs-6 col-sm-2 col-md-2\"> <h2  class=\"\">Patronat honorowy:<\/h2><\/div><div  class=\"col-xs-6 col-sm-2 col-md-2\"> <img  decoding=\"async\" class=\"custom-image\" src=\"https:\/\/tydzienmozgu.pan.pl\/wp-content\/uploads\/2026\/02\/cropped-wojewoda_wielkopolski1.png\" title=\"cropped-wojewoda_wielkopolski1.png\" alt=\"\"><\/div><div  class=\"col-xs-6 col-sm-2 col-md-2\"> <a  data-cp-link=\"1\" href=\"#\" class=\"\" target=\"_self\"><img  decoding=\"async\" class=\"custom-image\" src=\"https:\/\/tydzienmozgu.pan.pl\/wp-content\/uploads\/2026\/02\/cropped-20250804095313_logowielkopolskasamorzdmarszaekpion.jpg\"><\/a><\/div><div  class=\"col-xs-6 col-sm-2 col-md-2\"><img  decoding=\"async\" class=\"custom-image\" src=\"https:\/\/tydzienmozgu.pan.pl\/wp-content\/uploads\/2026\/02\/cropped-patronat-PMP_rgb_pl.jpg\" title=\"patronat honorowy miasta poznania\" alt=\"\"> <\/div><div  class=\"col-xs-6 col-sm-2 col-md-2\"><img  decoding=\"async\" class=\"custom-image\" src=\"https:\/\/tydzienmozgu.pan.pl\/wp-content\/uploads\/2025\/08\/cropped-fzk.jpg\" title=\"cropped-fzk.jpg\" alt=\"\"> <\/div><div  class=\"col-xs-6 col-sm-2 col-md-2\"> <\/div><div  class=\"col-xs-6 col-sm-2 col-md-2\"> <h2  class=\"\">Patronat medialny:<\/h2><\/div><div  class=\"col-xs-6 col-sm-2 col-md-2\"><img  decoding=\"async\" class=\"custom-image\" src=\"https:\/\/tydzienmozgu.pan.pl\/wp-content\/uploads\/2026\/02\/cropped-TVP3_Poznan_podst_kolor_ww.png\" title=\"cropped-TVP3_Poznan_podst_kolor_ww.png\" alt=\"\"> <\/div><div  class=\"col-xs-6 col-sm-2 col-md-2\"><img  decoding=\"async\" class=\"custom-image\" src=\"https:\/\/tydzienmozgu.pan.pl\/wp-content\/uploads\/2025\/08\/IKS_logo-nowe2.jpg\" title=\"IKS_logo nowe2\" alt=\"\"> <\/div><div  class=\"col-xs-6 col-sm-2 col-md-2\"><img  decoding=\"async\" class=\"custom-image\" src=\"https:\/\/tydzienmozgu.pan.pl\/wp-content\/uploads\/2026\/02\/cropped-Wersja-podstawowa_min.png\" title=\"cropped-Wersja-podstawowa_min.png\" alt=\"\"> <\/div><div  class=\"col-xs-6 col-sm-2 col-md-2\"><img  decoding=\"async\" class=\"custom-image\" src=\"https:\/\/tydzienmozgu.pan.pl\/wp-content\/uploads\/2025\/08\/cropped-logo_radio_afera.png\" title=\"cropped-logo_radio_afera.png\" alt=\"\"> <\/div><div  class=\"col-xs-6 col-sm-2 col-md-2\"><img  decoding=\"async\" class=\"custom-image\" src=\"https:\/\/tydzienmozgu.pan.pl\/wp-content\/uploads\/2026\/02\/EMAUS.png\" title=\"EMAUS\" alt=\"\"> <\/div><\/div><\/div> <\/div>","protected":false},"excerpt":{"rendered":"<p>17. \u015awiatowy Tydzie\u0144 M\u00f3zgu w Poznaniu 16-20 marca 2026Zapraszamy Was do krainy m\u00f3zgu. Czy m\u00f3zg ma tajemnice? Ale\u017c oczywi\u015bcie! Niekt\u00f3re z nich spr\u00f3bujemy z Wami odkry\u0107 i zrozumie\u0107. Co dzieje si\u0119 w m\u00f3zgu cz\u0142owieka, gdy patrzymy na ptaki i jak ptaki widz\u0105 ludzi? Co je\u015b\u0107, aby \u017cy\u0107 zdrowo i szcz\u0119\u015bliwie? Jaki jest wp\u0142yw grup spo\u0142ecznych&hellip; <br \/> <a class=\"read-more\" href=\"https:\/\/tydzienmozgu.pan.pl\/\">Dowiedz si\u0119 wi\u0119cej<\/a><\/p>\n","protected":false},"author":2,"featured_media":0,"parent":0,"menu_order":0,"comment_status":"closed","ping_status":"closed","template":"page-templates\/homepage.php","meta":{"footnotes":""},"class_list":["post-9","page","type-page","status-publish","hentry"],"_links":{"self":[{"href":"https:\/\/tydzienmozgu.pan.pl\/index.php?rest_route=\/wp\/v2\/pages\/9","targetHints":{"allow":["GET"]}}],"collection":[{"href":"https:\/\/tydzienmozgu.pan.pl\/index.php?rest_route=\/wp\/v2\/pages"}],"about":[{"href":"https:\/\/tydzienmozgu.pan.pl\/index.php?rest_route=\/wp\/v2\/types\/page"}],"author":[{"embeddable":true,"href":"https:\/\/tydzienmozgu.pan.pl\/index.php?rest_route=\/wp\/v2\/users\/2"}],"replies":[{"embeddable":true,"href":"https:\/\/tydzienmozgu.pan.pl\/index.php?rest_route=%2Fwp%2Fv2%2Fcomments&post=9"}],"version-history":[{"count":57,"href":"https:\/\/tydzienmozgu.pan.pl\/index.php?rest_route=\/wp\/v2\/pages\/9\/revisions"}],"predecessor-version":[{"id":388,"href":"https:\/\/tydzienmozgu.pan.pl\/index.php?rest_route=\/wp\/v2\/pages\/9\/revisions\/388"}],"wp:attachment":[{"href":"https:\/\/tydzienmozgu.pan.pl\/index.php?rest_route=%2Fwp%2Fv2%2Fmedia&parent=9"}],"curies":[{"name":"wp","href":"https:\/\/api.w.org\/{rel}","templated":true}]}}